{"version":"1.0","provider_name":"EMATSA","provider_url":"https:\/\/www.ematsa.cat\/es\/","author_name":"ematsa","author_url":"https:\/\/www.ematsa.cat\/es\/author\/ematsa\/","title":"\u00a1CELEBRAMOS EL D\u00cdA MUNDIAL DEL AGUA CON LA ACTIVIDAD INFANTIL \u00a1HAZ TU CHAPA! - EMATSA","type":"rich","width":600,"height":338,"html":"<blockquote class=\"wp-embedded-content\" data-secret=\"LOuFcWAcM3\"><a href=\"https:\/\/www.ematsa.cat\/es\/noticia\/celebramos-el-dia-mundial-del-agua-2\/\">\u00a1CELEBRAMOS EL D\u00cdA MUNDIAL DEL AGUA CON LA ACTIVIDAD INFANTIL \u00a1HAZ TU CHAPA!<\/a><\/blockquote><iframe sandbox=\"allow-scripts\" security=\"restricted\" src=\"https:\/\/www.ematsa.cat\/es\/noticia\/celebramos-el-dia-mundial-del-agua-2\/embed\/#?secret=LOuFcWAcM3\" width=\"600\" height=\"338\" title=\"\u00ab\u00a1CELEBRAMOS EL D\u00cdA MUNDIAL DEL AGUA CON LA ACTIVIDAD INFANTIL \u00a1HAZ TU CHAPA!\u00bb \u2014 EMATSA\" data-secret=\"LOuFcWAcM3\" frameborder=\"0\" marginwidth=\"0\" marginheight=\"0\" scrolling=\"no\" class=\"wp-embedded-content\"><\/iframe><script type=\"text\/javascript\">\n\/* <![CDATA[ *\/\n\/*! This file is auto-generated *\/\n!function(d,l){\"use strict\";l.querySelector&&d.addEventListener&&\"undefined\"!=typeof URL&&(d.wp=d.wp||{},d.wp.receiveEmbedMessage||(d.wp.receiveEmbedMessage=function(e){var t=e.data;if((t||t.secret||t.message||t.value)&&!\/[^a-zA-Z0-9]\/.test(t.secret)){for(var s,r,n,a=l.querySelectorAll('iframe[data-secret=\"'+t.secret+'\"]'),o=l.querySelectorAll('blockquote[data-secret=\"'+t.secret+'\"]'),c=new RegExp(\"^https?:$\",\"i\"),i=0;i<o.length;i++)o[i].style.display=\"none\";for(i=0;i<a.length;i++)s=a[i],e.source===s.contentWindow&&(s.removeAttribute(\"style\"),\"height\"===t.message?(1e3<(r=parseInt(t.value,10))?r=1e3:~~r<200&&(r=200),s.height=r):\"link\"===t.message&&(r=new URL(s.getAttribute(\"src\")),n=new URL(t.value),c.test(n.protocol))&&n.host===r.host&&l.activeElement===s&&(d.top.location.href=t.value))}},d.addEventListener(\"message\",d.wp.receiveEmbedMessage,!1),l.addEventListener(\"DOMContentLoaded\",function(){for(var e,t,s=l.querySelectorAll(\"iframe.wp-embedded-content\"),r=0;r<s.length;r++)(t=(e=s[r]).getAttribute(\"data-secret\"))||(t=Math.random().toString(36).substring(2,12),e.src+=\"#?secret=\"+t,e.setAttribute(\"data-secret\",t)),e.contentWindow.postMessage({message:\"ready\",secret:t},\"*\")},!1)))}(window,document);\n\/\/# sourceURL=https:\/\/www.ematsa.cat\/wp-includes\/js\/wp-embed.min.js\n\/* ]]> *\/\n<\/script>\n","description":"Desde 1993, el d\u00eda 22 de marzo, declarado por la Organizaci\u00f3n de Naciones Unidas (ONU), se celebra el D\u00eda Mundial del Agua. Cada a\u00f1o se centra en un determinado aspecto relacionado con los recursos h\u00eddricos. En 2014, la tem\u00e1tica es el nexo entre \u201cAgua y Energ\u00eda\u201d, uno de los principales objetivos es demostrar que los (...)","thumbnail_url":"https:\/\/www.ematsa.cat\/\/wp-content\/uploads\/2015\/04\/WWD_2014_logoWhite_ES_185px.jpg"}

¡CELEBRAMOS EL DÍA MUNDIAL DEL AGUA CON LA ACTIVIDAD INFANTIL ¡HAZ TU CHAPA! - EMATSA

<blockquote class="wp-embedded-content" data-secret="LOuFcWAcM3"><a href="https://www.ematsa.cat/es/noticia/celebramos-el-dia-mundial-del-agua-2/">¡CELEBRAMOS EL DÍA MUNDIAL DEL AGUA CON LA ACTIVIDAD INFANTIL ¡HAZ TU CHAPA!</a></blockquote><iframe sandbox="allow-scripts" security="restricted" src="https://www.ematsa.cat/es/noticia/celebramos-el-dia-mundial-del-agua-2/embed/#?secret=LOuFcWAcM3" width="600" height="338" title="«¡CELEBRAMOS EL DÍA MUNDIAL DEL AGUA CON LA ACTIVIDAD INFANTIL ¡HAZ TU CHAPA!» — EMATSA" data-secret="LOuFcWAcM3" frameborder="0" marginwidth="0" marginheight="0" scrolling="no" class="wp-embedded-content"></iframe><script type="text/javascript">
/* <![CDATA[ */
/*! This file is auto-generated */
!function(d,l){"use strict";l.querySelector&&d.addEventListener&&"undefined"!=typeof URL&&(d.wp=d.wp||{},d.wp.receiveEmbedMessage||(d.wp.receiveEmbedMessage=function(e){var t=e.data;if((t||t.secret||t.message||t.value)&&!/[^a-zA-Z0-9]/.test(t.secret)){for(var s,r,n,a=l.querySelectorAll('iframe[data-secret="'+t.secret+'"]'),o=l.querySelectorAll('blockquote[data-secret="'+t.secret+'"]'),c=new RegExp("^https?:$","i"),i=0;i<o.length;i++)o[i].style.display="none";for(i=0;i<a.length;i++)s=a[i],e.source===s.contentWindow&&(s.removeAttribute("style"),"height"===t.message?(1e3<(r=parseInt(t.value,10))?r=1e3:~~r<200&&(r=200),s.height=r):"link"===t.message&&(r=new URL(s.getAttribute("src")),n=new URL(t.value),c.test(n.protocol))&&n.host===r.host&&l.activeElement===s&&(d.top.location.href=t.value))}},d.addEventListener("message",d.wp.receiveEmbedMessage,!1),l.addEventListener("DOMContentLoaded",function(){for(var e,t,s=l.querySelectorAll("iframe.wp-embedded-content"),r=0;r<s.length;r++)(t=(e=s[r]).getAttribute("data-secret"))||(t=Math.random().toString(36).substring(2,12),e.src+="#?secret="+t,e.setAttribute("data-secret",t)),e.contentWindow.postMessage({message:"ready",secret:t},"*")},!1)))}(window,document);
//# sourceURL=https://www.ematsa.cat/wp-includes/js/wp-embed.min.js
/* ]]> */
</script>

Desde 1993, el día 22 de marzo, declarado por la Organización de Naciones Unidas (ONU), se celebra el Día Mundial del Agua. Cada año se centra en un determinado aspecto relacionado con los recursos hídricos. En 2014, la temática es el nexo entre “Agua y Energía”, uno de los principales objetivos es demostrar que los (...)
