{"version":"1.0","provider_name":"EMATSA","provider_url":"https:\/\/www.ematsa.cat\/es\/","author_name":"wp6tems","author_url":"https:\/\/www.ematsa.cat\/es\/author\/wp6tems\/","title":"LOS TARRAQUANINOS SUBEN AL ESCENARIO POR SANT MAG\u00cd - EMATSA","type":"rich","width":600,"height":338,"html":"<blockquote class=\"wp-embedded-content\" data-secret=\"1wtfmm4I4C\"><a href=\"https:\/\/www.ematsa.cat\/es\/noticia\/els-tarraquanins-pugen-a-lescenari-per-sant-magi\/\">LOS TARRAQUANINOS SUBEN AL ESCENARIO POR SANT MAG\u00cd<\/a><\/blockquote><iframe sandbox=\"allow-scripts\" security=\"restricted\" src=\"https:\/\/www.ematsa.cat\/es\/noticia\/els-tarraquanins-pugen-a-lescenari-per-sant-magi\/embed\/#?secret=1wtfmm4I4C\" width=\"600\" height=\"338\" title=\"\u00abLOS TARRAQUANINOS SUBEN AL ESCENARIO POR SANT MAG\u00cd\u00bb \u2014 EMATSA\" data-secret=\"1wtfmm4I4C\" frameborder=\"0\" marginwidth=\"0\" marginheight=\"0\" scrolling=\"no\" class=\"wp-embedded-content\"><\/iframe><script type=\"text\/javascript\">\n\/* <![CDATA[ *\/\n\/*! This file is auto-generated *\/\n!function(d,l){\"use strict\";l.querySelector&&d.addEventListener&&\"undefined\"!=typeof URL&&(d.wp=d.wp||{},d.wp.receiveEmbedMessage||(d.wp.receiveEmbedMessage=function(e){var t=e.data;if((t||t.secret||t.message||t.value)&&!\/[^a-zA-Z0-9]\/.test(t.secret)){for(var s,r,n,a=l.querySelectorAll('iframe[data-secret=\"'+t.secret+'\"]'),o=l.querySelectorAll('blockquote[data-secret=\"'+t.secret+'\"]'),c=new RegExp(\"^https?:$\",\"i\"),i=0;i<o.length;i++)o[i].style.display=\"none\";for(i=0;i<a.length;i++)s=a[i],e.source===s.contentWindow&&(s.removeAttribute(\"style\"),\"height\"===t.message?(1e3<(r=parseInt(t.value,10))?r=1e3:~~r<200&&(r=200),s.height=r):\"link\"===t.message&&(r=new URL(s.getAttribute(\"src\")),n=new URL(t.value),c.test(n.protocol))&&n.host===r.host&&l.activeElement===s&&(d.top.location.href=t.value))}},d.addEventListener(\"message\",d.wp.receiveEmbedMessage,!1),l.addEventListener(\"DOMContentLoaded\",function(){for(var e,t,s=l.querySelectorAll(\"iframe.wp-embedded-content\"),r=0;r<s.length;r++)(t=(e=s[r]).getAttribute(\"data-secret\"))||(t=Math.random().toString(36).substring(2,12),e.src+=\"#?secret=\"+t,e.setAttribute(\"data-secret\",t)),e.contentWindow.postMessage({message:\"ready\",secret:t},\"*\")},!1)))}(window,document);\n\/\/# sourceURL=https:\/\/www.ematsa.cat\/wp-includes\/js\/wp-embed.min.js\n\/* ]]> *\/\n<\/script>\n","thumbnail_url":"https:\/\/www.ematsa.cat\/wp-content\/uploads\/2022\/08\/20220809_TarrAQUAninsStMagiDosdeTres-1030x687.jpg","thumbnail_width":600,"thumbnail_height":400,"description":"Tres espect\u00e1culos familiares sobre el consumo responsable del agua en el vest\u00edbulo del Teatre Tarragona TarrAQUAnins, el ciclo de espect\u00e1culos familiar sobre el cuidado del agua de la Empresa Municipal Mixta de Aguas de Tarragona, vuelve por Sant Mag\u00ed.\u00c9ste es el sexto a\u00f1o que la propuesta de Ematsa se presenta en el marco de las (...)"}

LOS TARRAQUANINOS SUBEN AL ESCENARIO POR SANT MAGÍ - EMATSA

<blockquote class="wp-embedded-content" data-secret="1wtfmm4I4C"><a href="https://www.ematsa.cat/es/noticia/els-tarraquanins-pugen-a-lescenari-per-sant-magi/">LOS TARRAQUANINOS SUBEN AL ESCENARIO POR SANT MAGÍ</a></blockquote><iframe sandbox="allow-scripts" security="restricted" src="https://www.ematsa.cat/es/noticia/els-tarraquanins-pugen-a-lescenari-per-sant-magi/embed/#?secret=1wtfmm4I4C" width="600" height="338" title="«LOS TARRAQUANINOS SUBEN AL ESCENARIO POR SANT MAGÍ» — EMATSA" data-secret="1wtfmm4I4C" frameborder="0" marginwidth="0" marginheight="0" scrolling="no" class="wp-embedded-content"></iframe><script type="text/javascript">
/* <![CDATA[ */
/*! This file is auto-generated */
!function(d,l){"use strict";l.querySelector&&d.addEventListener&&"undefined"!=typeof URL&&(d.wp=d.wp||{},d.wp.receiveEmbedMessage||(d.wp.receiveEmbedMessage=function(e){var t=e.data;if((t||t.secret||t.message||t.value)&&!/[^a-zA-Z0-9]/.test(t.secret)){for(var s,r,n,a=l.querySelectorAll('iframe[data-secret="'+t.secret+'"]'),o=l.querySelectorAll('blockquote[data-secret="'+t.secret+'"]'),c=new RegExp("^https?:$","i"),i=0;i<o.length;i++)o[i].style.display="none";for(i=0;i<a.length;i++)s=a[i],e.source===s.contentWindow&&(s.removeAttribute("style"),"height"===t.message?(1e3<(r=parseInt(t.value,10))?r=1e3:~~r<200&&(r=200),s.height=r):"link"===t.message&&(r=new URL(s.getAttribute("src")),n=new URL(t.value),c.test(n.protocol))&&n.host===r.host&&l.activeElement===s&&(d.top.location.href=t.value))}},d.addEventListener("message",d.wp.receiveEmbedMessage,!1),l.addEventListener("DOMContentLoaded",function(){for(var e,t,s=l.querySelectorAll("iframe.wp-embedded-content"),r=0;r<s.length;r++)(t=(e=s[r]).getAttribute("data-secret"))||(t=Math.random().toString(36).substring(2,12),e.src+="#?secret="+t,e.setAttribute("data-secret",t)),e.contentWindow.postMessage({message:"ready",secret:t},"*")},!1)))}(window,document);
//# sourceURL=https://www.ematsa.cat/wp-includes/js/wp-embed.min.js
/* ]]> */
</script>

Tres espectáculos familiares sobre el consumo responsable del agua en el vestíbulo del Teatre Tarragona TarrAQUAnins, el ciclo de espectáculos familiar sobre el cuidado del agua de la Empresa Municipal Mixta de Aguas de Tarragona, vuelve por Sant Magí.Éste es el sexto año que la propuesta de Ematsa se presenta en el marco de las (...)
