{"version":"1.0","provider_name":"EMATSA","provider_url":"https:\/\/www.ematsa.cat\/es\/","author_name":"wp6tems","author_url":"https:\/\/www.ematsa.cat\/es\/author\/wp6tems\/","title":"EMATSA SE ESTRENA EN EL FESTIVAL TARRACO VIVA - EMATSA","type":"rich","width":600,"height":338,"html":"<blockquote class=\"wp-embedded-content\" data-secret=\"ZkUhVz2EUP\"><a href=\"https:\/\/www.ematsa.cat\/es\/noticia\/ematsa-sestrena-al-festival-tarraco-viva-2\/\">EMATSA SE ESTRENA EN EL FESTIVAL TARRACO VIVA<\/a><\/blockquote><iframe sandbox=\"allow-scripts\" security=\"restricted\" src=\"https:\/\/www.ematsa.cat\/es\/noticia\/ematsa-sestrena-al-festival-tarraco-viva-2\/embed\/#?secret=ZkUhVz2EUP\" width=\"600\" height=\"338\" title=\"\u00abEMATSA SE ESTRENA EN EL FESTIVAL TARRACO VIVA\u00bb \u2014 EMATSA\" data-secret=\"ZkUhVz2EUP\" frameborder=\"0\" marginwidth=\"0\" marginheight=\"0\" scrolling=\"no\" class=\"wp-embedded-content\"><\/iframe><script type=\"text\/javascript\">\n\/* <![CDATA[ *\/\n\/*! This file is auto-generated *\/\n!function(d,l){\"use strict\";l.querySelector&&d.addEventListener&&\"undefined\"!=typeof URL&&(d.wp=d.wp||{},d.wp.receiveEmbedMessage||(d.wp.receiveEmbedMessage=function(e){var t=e.data;if((t||t.secret||t.message||t.value)&&!\/[^a-zA-Z0-9]\/.test(t.secret)){for(var s,r,n,a=l.querySelectorAll('iframe[data-secret=\"'+t.secret+'\"]'),o=l.querySelectorAll('blockquote[data-secret=\"'+t.secret+'\"]'),c=new RegExp(\"^https?:$\",\"i\"),i=0;i<o.length;i++)o[i].style.display=\"none\";for(i=0;i<a.length;i++)s=a[i],e.source===s.contentWindow&&(s.removeAttribute(\"style\"),\"height\"===t.message?(1e3<(r=parseInt(t.value,10))?r=1e3:~~r<200&&(r=200),s.height=r):\"link\"===t.message&&(r=new URL(s.getAttribute(\"src\")),n=new URL(t.value),c.test(n.protocol))&&n.host===r.host&&l.activeElement===s&&(d.top.location.href=t.value))}},d.addEventListener(\"message\",d.wp.receiveEmbedMessage,!1),l.addEventListener(\"DOMContentLoaded\",function(){for(var e,t,s=l.querySelectorAll(\"iframe.wp-embedded-content\"),r=0;r<s.length;r++)(t=(e=s[r]).getAttribute(\"data-secret\"))||(t=Math.random().toString(36).substring(2,12),e.src+=\"#?secret=\"+t,e.setAttribute(\"data-secret\",t)),e.contentWindow.postMessage({message:\"ready\",secret:t},\"*\")},!1)))}(window,document);\n\/\/# sourceURL=https:\/\/www.ematsa.cat\/wp-includes\/js\/wp-embed.min.js\n\/* ]]> *\/\n<\/script>\n","description":"Un espect\u00e1culo de peque\u00f1o formato explicar\u00e1 la gesti\u00f3n del agua en \u00e9poca romana La Empresa Municipal Mixta de Aguas de Tarragona participa este a\u00f1o en el festival de recreaci\u00f3n hist\u00f3rica Tarraco Viva con un espect\u00e1culo de peque\u00f1o formato sobre la gesti\u00f3n del agua en \u00e9poca romana. El mon\u00f3logo\u00a0&#8220;Frontinus, curator aquarum&#8221; estar\u00e1 interpretado por Jaume Martell (...)","thumbnail_url":"https:\/\/www.ematsa.cat\/wp-content\/uploads\/2020\/10\/frontinus-773x1030.jpg"}

Un espectáculo de pequeño formato explicará la gestión del agua en época romana La Empresa Municipal Mixta de Aguas de Tarragona participa este año en el festival de recreación histórica Tarraco Viva con un espectáculo de pequeño formato sobre la gestión del agua en época romana. El monólogo &#8220;Frontinus, curator aquarum&#8221; estará interpretado por Jaume Martell (...)
