{"version":"1.0","provider_name":"EMATSA","provider_url":"https:\/\/www.ematsa.cat\/es\/","author_name":"ematsa","author_url":"https:\/\/www.ematsa.cat\/es\/author\/ematsa\/","title":"LA ECONOM\u00cdA CIRCULAR CENTRAR\u00c1 LA II JORNADA DE INNOVACI\u00d3N IDEA - EMATSA","type":"rich","width":600,"height":338,"html":"<blockquote class=\"wp-embedded-content\" data-secret=\"97xPzIbC6g\"><a href=\"https:\/\/www.ematsa.cat\/es\/noticia\/leconomia-circular-centrara-la-ii-jornada-dinnovacio-idea\/\">LA ECONOM\u00cdA CIRCULAR CENTRAR\u00c1 LA II JORNADA DE INNOVACI\u00d3N IDEA<\/a><\/blockquote><iframe sandbox=\"allow-scripts\" security=\"restricted\" src=\"https:\/\/www.ematsa.cat\/es\/noticia\/leconomia-circular-centrara-la-ii-jornada-dinnovacio-idea\/embed\/#?secret=97xPzIbC6g\" width=\"600\" height=\"338\" title=\"\u00abLA ECONOM\u00cdA CIRCULAR CENTRAR\u00c1 LA II JORNADA DE INNOVACI\u00d3N IDEA\u00bb \u2014 EMATSA\" data-secret=\"97xPzIbC6g\" frameborder=\"0\" marginwidth=\"0\" marginheight=\"0\" scrolling=\"no\" class=\"wp-embedded-content\"><\/iframe><script type=\"text\/javascript\">\n\/* <![CDATA[ *\/\n\/*! This file is auto-generated *\/\n!function(d,l){\"use strict\";l.querySelector&&d.addEventListener&&\"undefined\"!=typeof URL&&(d.wp=d.wp||{},d.wp.receiveEmbedMessage||(d.wp.receiveEmbedMessage=function(e){var t=e.data;if((t||t.secret||t.message||t.value)&&!\/[^a-zA-Z0-9]\/.test(t.secret)){for(var s,r,n,a=l.querySelectorAll('iframe[data-secret=\"'+t.secret+'\"]'),o=l.querySelectorAll('blockquote[data-secret=\"'+t.secret+'\"]'),c=new RegExp(\"^https?:$\",\"i\"),i=0;i<o.length;i++)o[i].style.display=\"none\";for(i=0;i<a.length;i++)s=a[i],e.source===s.contentWindow&&(s.removeAttribute(\"style\"),\"height\"===t.message?(1e3<(r=parseInt(t.value,10))?r=1e3:~~r<200&&(r=200),s.height=r):\"link\"===t.message&&(r=new URL(s.getAttribute(\"src\")),n=new URL(t.value),c.test(n.protocol))&&n.host===r.host&&l.activeElement===s&&(d.top.location.href=t.value))}},d.addEventListener(\"message\",d.wp.receiveEmbedMessage,!1),l.addEventListener(\"DOMContentLoaded\",function(){for(var e,t,s=l.querySelectorAll(\"iframe.wp-embedded-content\"),r=0;r<s.length;r++)(t=(e=s[r]).getAttribute(\"data-secret\"))||(t=Math.random().toString(36).substring(2,12),e.src+=\"#?secret=\"+t,e.setAttribute(\"data-secret\",t)),e.contentWindow.postMessage({message:\"ready\",secret:t},\"*\")},!1)))}(window,document);\n\/\/# sourceURL=https:\/\/www.ematsa.cat\/wp-includes\/js\/wp-embed.min.js\n\/* ]]> *\/\n<\/script>\n","description":"Ematsa acoge ponencias con expertos que dar\u00e1n la clave de c\u00f3mo enfocar la innovaci\u00f3n hacia tecnolog\u00edas para encontrar recursos entre lo que hoy consideramos residuos Entre los ponentes destaca el meteor\u00f3logo Francesc Mauri que abordar\u00e1 lo que podemos hacer ante el cambio clim\u00e1tico \u00bfSomos realmente conscientes del impacto de nuestras acciones diarias? \u00bfSabemos el coste (...)","thumbnail_url":"https:\/\/www.ematsa.cat\/wp-content\/uploads\/2019\/06\/Roda-premsa-Jornada-Idea-II.jpg"}

LA ECONOMÍA CIRCULAR CENTRARÁ LA II JORNADA DE INNOVACIÓN IDEA - EMATSA

<blockquote class="wp-embedded-content" data-secret="97xPzIbC6g"><a href="https://www.ematsa.cat/es/noticia/leconomia-circular-centrara-la-ii-jornada-dinnovacio-idea/">LA ECONOMÍA CIRCULAR CENTRARÁ LA II JORNADA DE INNOVACIÓN IDEA</a></blockquote><iframe sandbox="allow-scripts" security="restricted" src="https://www.ematsa.cat/es/noticia/leconomia-circular-centrara-la-ii-jornada-dinnovacio-idea/embed/#?secret=97xPzIbC6g" width="600" height="338" title="«LA ECONOMÍA CIRCULAR CENTRARÁ LA II JORNADA DE INNOVACIÓN IDEA» — EMATSA" data-secret="97xPzIbC6g" frameborder="0" marginwidth="0" marginheight="0" scrolling="no" class="wp-embedded-content"></iframe><script type="text/javascript">
/* <![CDATA[ */
/*! This file is auto-generated */
!function(d,l){"use strict";l.querySelector&&d.addEventListener&&"undefined"!=typeof URL&&(d.wp=d.wp||{},d.wp.receiveEmbedMessage||(d.wp.receiveEmbedMessage=function(e){var t=e.data;if((t||t.secret||t.message||t.value)&&!/[^a-zA-Z0-9]/.test(t.secret)){for(var s,r,n,a=l.querySelectorAll('iframe[data-secret="'+t.secret+'"]'),o=l.querySelectorAll('blockquote[data-secret="'+t.secret+'"]'),c=new RegExp("^https?:$","i"),i=0;i<o.length;i++)o[i].style.display="none";for(i=0;i<a.length;i++)s=a[i],e.source===s.contentWindow&&(s.removeAttribute("style"),"height"===t.message?(1e3<(r=parseInt(t.value,10))?r=1e3:~~r<200&&(r=200),s.height=r):"link"===t.message&&(r=new URL(s.getAttribute("src")),n=new URL(t.value),c.test(n.protocol))&&n.host===r.host&&l.activeElement===s&&(d.top.location.href=t.value))}},d.addEventListener("message",d.wp.receiveEmbedMessage,!1),l.addEventListener("DOMContentLoaded",function(){for(var e,t,s=l.querySelectorAll("iframe.wp-embedded-content"),r=0;r<s.length;r++)(t=(e=s[r]).getAttribute("data-secret"))||(t=Math.random().toString(36).substring(2,12),e.src+="#?secret="+t,e.setAttribute("data-secret",t)),e.contentWindow.postMessage({message:"ready",secret:t},"*")},!1)))}(window,document);
//# sourceURL=https://www.ematsa.cat/wp-includes/js/wp-embed.min.js
/* ]]> */
</script>

Ematsa acoge ponencias con expertos que darán la clave de cómo enfocar la innovación hacia tecnologías para encontrar recursos entre lo que hoy consideramos residuos Entre los ponentes destaca el meteorólogo Francesc Mauri que abordará lo que podemos hacer ante el cambio climático ¿Somos realmente conscientes del impacto de nuestras acciones diarias? ¿Sabemos el coste (...)
